, j + 68 - 3207 = 5*c. Is j composite?
True
Let k(h) = 36*h**2 + 5*h - 58. Is k(-9) composite?
True
Let q(a) = 4374*a - 231. Is q(3) a prime number?
False
Let o(d) = 2*d**3 - 24*d**2 + 25*d - 70. Is o(23) a prime number?
True
Let r(d) = -20*d**3 - 2*d - 1. Let x be 4 - (2 + -2 + 0). Suppose -4 = 4*k - x*z - 0, 5*k = -3*z - 13. Is r(k) a prime number?
True
Let v = 12 + 8. Suppose -5*d = -4*d + v. Let r = d - -41. Is r a composite number?
True
Let a = -6 - 23. Let k = a + 14. Is k/25 + (-1136)/(-10) prime?
True
Suppose -4*t - 1600 = -4*k - 9*t, -k + t + 391 = 0. Suppose 0 = -7*s + 1082 + k. Is s a prime number?
True
Let f be (24/(-9))/(2/(-1143)). Suppose -4*w + 1121 = 3*j, 2*j + f = 6*j - 2*w. Is j a composite number?
False
Let v(d) = -d + 10. Let j be v(6). Let o be 63/(-14)*j/(-6). Suppose 66 = o*f - 2*h - 57, -5*h = -4*f + 171. Is f prime?
False
Is ((-55992)/(-16))/(30/20) prime?
True
Let t be (652 + 1)/(4 - 3). Is (t/(-5))/((-5)/25) a composite number?
False
Suppose -2*n + 6 + 14 = 5*i, -2*n = 0. Suppose i*j - 458 - 578 = 0. Is j prime?
False
Let a(t) be the third derivative of -t**6/36 - t**5/24 + t**4/3 - 6*t**2. Let c(o) be the second derivative of a(o). Is c(-5) a composite number?
True
Suppose 0 = o - 4 - 0. Suppose 0*h = h - o. Suppose h*t - 79 = 117. Is t a composite number?
True
Let z = 1513 - 965. Is (3/(-6))/(6/z)*-9 prime?
False
Let k be ((-9)/((-45)/(-70)))/((-4)/1114). Is (k/28)/((-3)/(-12)) composite?
False
Let w be (2/(-4))/((-3)/11184). Let l be 1 - 0 - w/(-2). Is 4/8*(l + 1) a prime number?
True
Suppose 17*x - 2668 = 13*x. Is x composite?
True
Let k be -506 - -3 - (2 + 0). Let h = -303 - k. Is h a prime number?
False
Suppose -r + 12 = 3*r. Suppose 0 = -r*t - 2*i + 3*i + 48, -i - 33 = -2*t. Is 3/(18/74)*t composite?
True
Let z(y) = 15*y + 8. Let t be z(-6). Let b(d) = -9*d - 117. Let j be b(-10). Let u = j - t. Is u a composite number?
True
Suppose 4*p = -4*a + 6620, -2*a + 5*p - 1409 + 4733 = 0. Is a a composite number?
False
Suppose 0 = -5*d + 3 + 7. Suppose -12 = 3*u, 2*t - d*u + 2 = 18. Suppose s + t*s + 196 = g, -3*s + 379 = 2*g. Is g prime?
True
Let d = 838 + 525. Is d composite?
True
Let y(v) = 3 + 6 + 466*v - 14 + 2. Is y(1) composite?
False
Let r(h) = h**2 - 12*h + 23. Let u be r(9). Is (9/(-3) + u)/(1/(-23)) a prime number?
False
Let j = 25786 + 39501. Is j a composite number?
False
Let l(o) = 31*o**2 + 3 + 2 + 52*o**2 - 3*o + 0. Is l(2) prime?
True
Suppose 2*x - 6 = -0*x. Suppose -t + 0*t - 3*q + 179 = 0, 0 = x*q + 12. Is t prime?
True
Suppose 16*q - 1057989 = -57*q. Is q composite?
True
Let n = -8 + 11. Suppose 40*b = 45*b - 25. Suppose n*v - v = 2*j + 84, -b*j = -v + 62. Is v composite?
False
Let o(p) = 0*p**2 + 2*p**3 - 9 - p**2 - 18 + 3 + 14*p. Is o(11) composite?
False
Is (3236/(-64)*4)/((-1)/12) prime?
False
Suppose 9*n - 15*n + 54 = 0. Is (-983)/(-2)*(n - 7) a composite number?
False
Let j(y) = -9*y**3 + y**2 + 18*y - 1. Let s be j(-7). Let z = s + -758. Is z a prime number?
True
Let h(n) = 1029*n + 424. Is h(15) composite?
False
Is (-2)/(-15)*3*(3 + 100252) a prime number?
False
Let v(p) = 2*p**3 + 10*p**2 + 27*p - 10. Is v(11) a composite number?
False
Suppose -2*b + 2*d = 3*b - 147845, 0 = 5*b + 3*d - 147820. Is b composite?
False
Let d be ((-11)/(-20) - (-3)/12)*5. Suppose d*r + 296 = 8*r. Is r a prime number?
False
Is 517 + (5 - 15 - -10) a composite number?
True
Let f be 1*(-1 - -13)*(-18)/24. Let t(j) = -258*j - 15. Is t(f) composite?
True
Suppose 0 = 2*j + 3*r - 4, 0 = -3*j + 4*r + 3 + 3. Suppose -j*z - 6 = -16. Suppose 0 = 4*g - 2*w - 354, -z*w = -2*g + 281 - 92. Is g composite?
True
Suppose 5*s - 26*s + 178773 = 0. Is s composite?
False
Let y = 3218 + -1533. Is y a prime number?
False
Let n be (7 - (-95)/(-15))*(-3)/2. Let o(p) = -4042*p + 7. Is o(n) a prime number?
True
Let p = -78 + 92. Let m(y) = y**3 - 11*y**2 + 4*y - 3. Is m(p) prime?
True
Suppose y + 0*y - 205 = 0. Let n = y - 40. Is n - (3 + 1)/1 a composite number?
True
Is ((-8018)/8)/(3/(-12)) composite?
True
Let c = -36 - -14. Let q = 14 + c. Is (-23)/92 - 3274/q a prime number?
True
Suppose -4*j - 11778 = -6*h + 4*h, 5881 = h - 4*j. Is h a composite number?
False
Let s(n) = 28*n**2 - 18*n + 37. Is s(-19) prime?
True
Suppose 13*b - 665 = 11*b + 5*s, -668 = -2*b + 2*s. Is b composite?
True
Let v be (3/(-6)*2 + 1)/(-1). Let d = 3 - -1. Suppose v = d*b - 12, -4*y + y + b + 27 = 0. Is y prime?
False
Let p(v) = -7*v**2 - 16*v + 33. Let m be p(10). Let u = -264 - m. Is u a composite number?
False
Let s(h) = -21*h - 5*h - 16*h + 10. Let n be s(6). Let b = n - -369. Is b a composite number?
False
Let q(i) = -i - 10. Let j be q(-8). Is 2/(0 + j)*-109 a composite number?
False
Is (0 - 4 - -3)*(-66094)/14 prime?
True
Suppose 13*c - 21713 = -a + 9*c, 3*a - 4*c = 65139. Is a prime?
True
Suppose 154 - 10249 = -3*n. Is n a composite number?
True
Let z(u) = 2*u + 3. Let j be z(1). Suppose 3*n = 2*n - 3*a + 1090, -5*n - j*a + 5440 = 0. Is n prime?
True
Let h be 1 - -1 - (7 - 30). Suppose j = 5*l - 10, 0*j - 5*j + h = 0. Suppose -1418 = -l*z + z. Is z prime?
True
Suppose -18 = -2*f - x, 2*f + 6*x - x - 18 = 0. Suppose 2*i + 78 = 3*n, 5*i = -n + 4*n - 69. Let w = n + f. Is w a composite number?
False
Suppose -2*w + 3*l = -3910, 5*w - 305 = -2*l + 9508. Is w a prime number?
False
Let u(y) = -3*y**3 - 5*y**2 - 3*y - 161. Let n(p) = -5*p**3 - 9*p**2 - 5*p - 321. Let t(h) = -4*n(h) + 7*u(h). Is t(0) a prime number?
True
Let y(s) = s**3 + 18*s**2 - 16*s + 55. Let h be y(-19). Is ((-2)/(-3))/(h/(-3261)) a composite number?
False
Suppose -13*d + 122 = -86. Suppose d*i + 3445 = 21*i. Is i composite?
True
Let m = 1248186 - 215841. Is ((-2)/(-16) - 0) + m/120 a prime number?
False
Let y(f) = 20*f + 17. Let u(c) = -c**2 + 59*c + 50. Let s(r) = -2*u(r) + 7*y(r). Is s(-20) prime?
True
Suppose 0 = 4*u - x - 30, -3*u - 6*x + x + 11 = 0. Suppose 8*p - 251 = u*p. Is p prime?
True
Let w be ((-4)/4)/((-1)/(-1)). Let t be (1/w)/((-4)/(-16)). Is 263 - 0*t/16 a composite number?
False
Let l be -3 + -3 + 3 + -1. Let y(j) = j**2 + 2*j - 4. Let k be y(l). Suppose -k*n - s = -638, -2*n + 3*s + 2*s + 308 = 0. Is n a prime number?
False
Is 80540/(-40)*(4 + -8) prime?
False
Let n(w) = 3*w**3 - 11*w**2 + 14*w + 23. Is n(12) a composite number?
True
Suppose 6*k + 992 = 2*k. Let b = 131 - k. Is b composite?
False
Suppose -7 - 6 = -4*n - 3*a, 0 = 3*n + 3*a - 12. Suppose 0 = 2*j - 5 + n. Is j*(-2)/(-4) + 18 prime?
True
Let j = 242 + 971. Is j a prime number?
True
Suppose -22*l = -24*l. Suppose 0 = 5*v - 4*a + 5*a - 3547, 3*v - 3*a - 2121 = l. Is v a prime number?
True
Let n(k) = -k. Let l(u) = 2*u**2 - 2*u - 1. Let m(d) = l(d) - 2*n(d). Let v be m(-2). Is (v/2)/((-11)/(-638)) prime?
False
Suppose 3*i = 2*s, -4 = -2*s - 5*i - 36. Is ((-2)/s)/(3/((-9090)/(-5))) a composite number?
True
Let p(o) = -134*o + 9. Let n = 51 - 55. Is p(n) a prime number?
False
Let l = 238 + 202. Suppose -190 = t + 39. Let p = l + t. Is p composite?
False
Let w = -6 + 15. Suppose w*h - 811 = 4418. Is h prime?
False
Let j(l) = l**2 - 8*l + 5. Let t be j(8). Suppose t*x - x = 3928. Is x a prime number?
False
Let x = 9397 + 736. Is x a prime number?
True
Suppose 5*o - 5*g = 170630, -158465 = -4*o - 5*g - 21988. Is o a composite number?
False
Let j(z) = -325*z + 4. Let o(d) = -325*d + 5. Let i(v) = -4*j(v) + 3*o(v). Let g be i(1). Let h = -227 + g. Is h a composite number?
False
Suppose -8*a = -3*a - 15. Is 1232/(-3 - -5) - a prime?
True
Let u(t) = 27*t**2 + t. Let b be u(1). Let o be ((-1 - 2) + 3)/(-2). Suppose r - 251 + b = o. Is r prime?
True
Let o = -151 + 3764. Is o prime?
True
Let y be (-8)/20 + 54/10. Is -1*(-9397 - y)/6 prime?
True
Suppose -1728 = 9*w - 13*w. Let y = -305 + w. Is y a composite number?
False
Suppose -h - v - 677 = -2*h, 5*h - 3417 = -3*v. Let r = -373 - -105. Let x = h + r. Is x a composite number?
True
Let r(k) = -k**3 - 15*k**2 - 7*k. Let s be r(-6). Suppose 0 = -4*t - 247 - 373. Let b = t - s. Is b composite?
False
Suppose 12 = -r + 4*s, 2*r - 5*s = -0*r - 21. Let k = r + 6. Is (2 + 0)/k + 134 prime?
False
Let q = 64 - 59. Suppose -q*n = 5*x - 8280, 5*n + 3*x - 13777 = -5507. Is n a prime number?
False
Suppose 5 = 3*d - 4. Suppose -394 - 815 = -d*j. Is j a composite number?
True
Let o =